{"id":517,"date":"2020-09-05T12:09:55","date_gmt":"2020-09-05T10:09:55","guid":{"rendered":"http:\/\/svdeupen.be\/?page_id=517"},"modified":"2020-09-05T12:10:13","modified_gmt":"2020-09-05T10:10:13","slug":"contact","status":"publish","type":"page","link":"https:\/\/svdeupen.be\/index.php\/site-en-francais\/contact\/","title":{"rendered":"Contact"},"content":{"rendered":"\n<div class=\"wp-block-media-text alignwide is-stacked-on-mobile\"><figure class=\"wp-block-media-text__media\"><img decoding=\"async\" loading=\"lazy\" width=\"533\" height=\"517\" src=\"http:\/\/svdeupen.be\/wp-content\/uploads\/2020\/08\/Fr\u00e9d\u00e9ric-Marenne.png\" alt=\"\" class=\"wp-image-120\" srcset=\"https:\/\/svdeupen.be\/wp-content\/uploads\/2020\/08\/Fr\u00e9d\u00e9ric-Marenne.png 533w, https:\/\/svdeupen.be\/wp-content\/uploads\/2020\/08\/Fr\u00e9d\u00e9ric-Marenne-300x291.png 300w\" sizes=\"(max-width: 533px) 100vw, 533px\" \/><\/figure><div class=\"wp-block-media-text__content\">\n<p class=\"has-text-align-center has-large-font-size\"><strong>Waterpolo:<\/strong><\/p>\n\n\n\n<p class=\"has-text-align-center has-medium-font-size\">Fr\u00e9d\u00e9ric Marenne<\/p>\n\n\n\n<p class=\"has-text-align-center has-medium-font-size\">0032 474 45 39 33<\/p>\n\n\n\n<p class=\"has-text-align-center has-medium-font-size\"><a href=\"mailto:fmarenne@hotmail.com\">fmarenne@hotmail.com<\/a><\/p>\n<\/div><\/div>\n\n\n\n<div class=\"wp-block-media-text alignwide is-stacked-on-mobile\"><figure class=\"wp-block-media-text__media\"><img decoding=\"async\" loading=\"lazy\" width=\"724\" height=\"1024\" src=\"http:\/\/svdeupen.be\/wp-content\/uploads\/2020\/08\/svdenew-1-724x1024.jpg\" alt=\"\" class=\"wp-image-90\" srcset=\"https:\/\/svdeupen.be\/wp-content\/uploads\/2020\/08\/svdenew-1-724x1024.jpg 724w, https:\/\/svdeupen.be\/wp-content\/uploads\/2020\/08\/svdenew-1-212x300.jpg 212w, https:\/\/svdeupen.be\/wp-content\/uploads\/2020\/08\/svdenew-1-768x1086.jpg 768w, https:\/\/svdeupen.be\/wp-content\/uploads\/2020\/08\/svdenew-1-1086x1536.jpg 1086w, https:\/\/svdeupen.be\/wp-content\/uploads\/2020\/08\/svdenew-1-1448x2048.jpg 1448w, https:\/\/svdeupen.be\/wp-content\/uploads\/2020\/08\/svdenew-1-scaled.jpg 1810w\" sizes=\"(max-width: 724px) 100vw, 724px\" \/><\/figure><div class=\"wp-block-media-text__content\">\n<p class=\"has-text-align-center has-large-font-size\"><strong>Natation:<\/strong><\/p>\n\n\n\n<p class=\"has-text-align-center has-medium-font-size\">Patrick Lenaerts<\/p>\n\n\n\n<p class=\"has-text-align-center has-medium-font-size\">0032 496 51 39 96<\/p>\n\n\n\n<p class=\"has-text-align-center has-medium-font-size\"><a href=\"mailto:patricklenaerts70@skynet.be\">patricklenaerts70@skynet.be<\/a><\/p>\n<\/div><\/div>\n\n\n\n<div class=\"wp-block-media-text alignwide is-stacked-on-mobile\" style=\"grid-template-columns:47% auto\"><figure class=\"wp-block-media-text__media\"><img decoding=\"async\" loading=\"lazy\" width=\"1024\" height=\"683\" src=\"http:\/\/svdeupen.be\/wp-content\/uploads\/2020\/08\/DSC_0875-1024x683.jpg\" alt=\"\" class=\"wp-image-423\" srcset=\"https:\/\/svdeupen.be\/wp-content\/uploads\/2020\/08\/DSC_0875-1024x683.jpg 1024w, https:\/\/svdeupen.be\/wp-content\/uploads\/2020\/08\/DSC_0875-300x200.jpg 300w, https:\/\/svdeupen.be\/wp-content\/uploads\/2020\/08\/DSC_0875-768x512.jpg 768w, https:\/\/svdeupen.be\/wp-content\/uploads\/2020\/08\/DSC_0875-1536x1024.jpg 1536w, https:\/\/svdeupen.be\/wp-content\/uploads\/2020\/08\/DSC_0875-2048x1365.jpg 2048w\" sizes=\"(max-width: 1024px) 100vw, 1024px\" \/><\/figure><div class=\"wp-block-media-text__content\">\n<p class=\"has-text-align-center has-large-font-size\"><strong>Le comit\u00e9<\/strong><\/p>\n\n\n\n<p>Yvonne Klein, Oliver Ulrich, Myriam Roosen, Fr\u00e9d\u00e9ric Marenne, Herv\u00e9 Possen<\/p>\n<\/div><\/div>\n\n\n\n<p><\/p>\n","protected":false},"excerpt":{"rendered":"<p>Waterpolo: Fr\u00e9d\u00e9ric Marenne 0032 474 45 39 33 fmarenne@hotmail.com Natation: Patrick Lenaerts 0032 496 51 39 96 patricklenaerts70@skynet.be Le comit\u00e9 Yvonne Klein, Oliver Ulrich, Myriam Roosen, Fr\u00e9d\u00e9ric Marenne, Herv\u00e9 Possen<\/p>\n","protected":false},"author":1,"featured_media":0,"parent":51,"menu_order":0,"comment_status":"closed","ping_status":"closed","template":"","meta":{"footnotes":""},"_links":{"self":[{"href":"https:\/\/svdeupen.be\/index.php\/wp-json\/wp\/v2\/pages\/517"}],"collection":[{"href":"https:\/\/svdeupen.be\/index.php\/wp-json\/wp\/v2\/pages"}],"about":[{"href":"https:\/\/svdeupen.be\/index.php\/wp-json\/wp\/v2\/types\/page"}],"author":[{"embeddable":true,"href":"https:\/\/svdeupen.be\/index.php\/wp-json\/wp\/v2\/users\/1"}],"replies":[{"embeddable":true,"href":"https:\/\/svdeupen.be\/index.php\/wp-json\/wp\/v2\/comments?post=517"}],"version-history":[{"count":1,"href":"https:\/\/svdeupen.be\/index.php\/wp-json\/wp\/v2\/pages\/517\/revisions"}],"predecessor-version":[{"id":518,"href":"https:\/\/svdeupen.be\/index.php\/wp-json\/wp\/v2\/pages\/517\/revisions\/518"}],"up":[{"embeddable":true,"href":"https:\/\/svdeupen.be\/index.php\/wp-json\/wp\/v2\/pages\/51"}],"wp:attachment":[{"href":"https:\/\/svdeupen.be\/index.php\/wp-json\/wp\/v2\/media?parent=517"}],"curies":[{"name":"wp","href":"https:\/\/api.w.org\/{rel}","templated":true}]}}