{"id":21,"date":"2020-08-09T19:37:09","date_gmt":"2020-08-09T17:37:09","guid":{"rendered":"http:\/\/svdeupen.be\/?page_id=21"},"modified":"2026-04-26T20:08:14","modified_gmt":"2026-04-26T18:08:14","slug":"kontaktdaten","status":"publish","type":"page","link":"https:\/\/svdeupen.be\/index.php\/a-propos\/kontaktdaten\/","title":{"rendered":"Trainer &#038; Kontakt"},"content":{"rendered":"\n<div style=\"height:46px\" aria-hidden=\"true\" class=\"wp-block-spacer\"><\/div>\n\n\n\n<h4 class=\"wp-block-heading\">Schwimmtrainer<\/h4>\n\n\n\n<div style=\"height:64px\" aria-hidden=\"true\" class=\"wp-block-spacer\"><\/div>\n\n\n\n<div class=\"wp-block-columns is-layout-flex wp-container-3 wp-block-columns-is-layout-flex\">\n<div class=\"wp-block-column is-layout-flow wp-block-column-is-layout-flow\">\n<h5 class=\"wp-block-heading\">Shyshulin Aliaksandr<\/h5>\n\n\n\n<p>Geboren am 01.03.1983<\/p>\n\n\n\n<ul>\n<li>Sch\u00fcler der belarussischen Schule f\u00fcr professionelle Schwimmsportler (1993\u20132000)<\/li>\n\n\n\n<li>Mehrfache Medaillengewinner bei verschiedenen Schwimmwettk\u00e4mpfen f\u00fcr Junioren und Erwachsene (1993\u20132002)<\/li>\n\n\n\n<li>Mehrfacher Sieger bei Masters-Wettk\u00e4mpfen in verschiedenen L\u00e4ndern und Rekordhalter im Masters (seit 2015)<\/li>\n<\/ul>\n<\/div>\n\n\n\n<div class=\"wp-block-column is-layout-flow wp-block-column-is-layout-flow\">\n<h5 class=\"wp-block-heading\">Kathrin Popp<\/h5>\n\n\n\n<p>Diplom-Logop\u00e4din (Heerlen)<\/p>\n\n\n\n<p>Spezialisierte Trainerin: TDA\/H, Psychomotorik, Legasthenie<\/p>\n\n\n\n<p><strong>Berufserfahrung<\/strong>:<\/p>\n\n\n\n<ul>\n<li>Integrative Kindertagesst\u00e4tte in Alsdorf<\/li>\n\n\n\n<li>Grund- und F\u00f6rderschulen in Konzen und Eicherscheid<\/li>\n\n\n\n<li>Aktives Mitglied im Schwimmsport seit 1985<\/li>\n\n\n\n<li>Abteilungsleiterin der Schwimmabteilung bei TURA Monschau<\/li>\n\n\n\n<li>Schwimmlehrerin an der Grundschule Konzen und an der F\u00f6rderschule Eicherscheid<\/li>\n\n\n\n<li>Schwimmtrainerin bei der DLRG Heimbach<\/li>\n<\/ul>\n\n\n\n<p><strong>Qualifikationen<\/strong>:<\/p>\n\n\n\n<ul>\n<li>Rettungsschwimmerin<\/li>\n\n\n\n<li>Ausbildungsassistentin f\u00fcr Rettungsschwimmen<\/li>\n\n\n\n<li>Schwimmtrainerin<\/li>\n<\/ul>\n<\/div>\n<\/div>\n\n\n\n<h4 class=\"wp-block-heading\">Wasserball: <\/h4>\n\n\n\n<h5 class=\"wp-block-heading\">Rapha\u00ebl Renson und Gabriel Schnackers<\/h5>\n\n\n\n<div class=\"wp-block-media-text alignwide is-stacked-on-mobile\"><figure class=\"wp-block-media-text__media\"><img decoding=\"async\" loading=\"lazy\" width=\"724\" height=\"1024\" src=\"http:\/\/svdeupen.be\/wp-content\/uploads\/2020\/08\/svdenew-1-724x1024.jpg\" alt=\"\" class=\"wp-image-90 size-full\" srcset=\"https:\/\/svdeupen.be\/wp-content\/uploads\/2020\/08\/svdenew-1-724x1024.jpg 724w, https:\/\/svdeupen.be\/wp-content\/uploads\/2020\/08\/svdenew-1-212x300.jpg 212w, https:\/\/svdeupen.be\/wp-content\/uploads\/2020\/08\/svdenew-1-768x1086.jpg 768w, https:\/\/svdeupen.be\/wp-content\/uploads\/2020\/08\/svdenew-1-1086x1536.jpg 1086w, https:\/\/svdeupen.be\/wp-content\/uploads\/2020\/08\/svdenew-1-1448x2048.jpg 1448w, https:\/\/svdeupen.be\/wp-content\/uploads\/2020\/08\/svdenew-1-scaled.jpg 1810w\" sizes=\"(max-width: 724px) 100vw, 724px\" \/><\/figure><div class=\"wp-block-media-text__content\">\n<p class=\"has-text-align-center has-large-font-size\">Vorstand und Kontakt<\/p>\n\n\n\n<p>Pr\u00e4sident : Fr\u00e9d\u00e9ric Marenne<\/p>\n\n\n\n<p>Sekret\u00e4rin: Marianka Kaiser<\/p>\n\n\n\n<p>Kassierer: Oliver Ulrich<\/p>\n\n\n\n<p>Beisizter: Perdita Keutgen<\/p>\n\n\n\n<p class=\"has-text-align-center has-medium-font-size\"><a href=\"mailto:contact.svde@gmail.com\">contact.svde@gmail.com <\/a><\/p>\n\n\n\n<p><\/p>\n<\/div><\/div>\n\n\n\n<p><\/p>\n","protected":false},"excerpt":{"rendered":"<p>Schwimmtrainer Shyshulin Aliaksandr Geboren am 01.03.1983 Kathrin Popp Diplom-Logop\u00e4din (Heerlen) Spezialisierte Trainerin: TDA\/H, Psychomotorik, Legasthenie Berufserfahrung: Qualifikationen: Wasserball: Rapha\u00ebl Renson und Gabriel Schnackers Vorstand und Kontakt Pr\u00e4sident : Fr\u00e9d\u00e9ric Marenne Sekret\u00e4rin: Marianka Kaiser Kassierer: Oliver Ulrich Beisizter: Perdita Keutgen contact.svde@gmail.com<\/p>\n","protected":false},"author":1,"featured_media":0,"parent":41,"menu_order":0,"comment_status":"closed","ping_status":"closed","template":"","meta":{"footnotes":""},"_links":{"self":[{"href":"https:\/\/svdeupen.be\/index.php\/wp-json\/wp\/v2\/pages\/21"}],"collection":[{"href":"https:\/\/svdeupen.be\/index.php\/wp-json\/wp\/v2\/pages"}],"about":[{"href":"https:\/\/svdeupen.be\/index.php\/wp-json\/wp\/v2\/types\/page"}],"author":[{"embeddable":true,"href":"https:\/\/svdeupen.be\/index.php\/wp-json\/wp\/v2\/users\/1"}],"replies":[{"embeddable":true,"href":"https:\/\/svdeupen.be\/index.php\/wp-json\/wp\/v2\/comments?post=21"}],"version-history":[{"count":22,"href":"https:\/\/svdeupen.be\/index.php\/wp-json\/wp\/v2\/pages\/21\/revisions"}],"predecessor-version":[{"id":801,"href":"https:\/\/svdeupen.be\/index.php\/wp-json\/wp\/v2\/pages\/21\/revisions\/801"}],"up":[{"embeddable":true,"href":"https:\/\/svdeupen.be\/index.php\/wp-json\/wp\/v2\/pages\/41"}],"wp:attachment":[{"href":"https:\/\/svdeupen.be\/index.php\/wp-json\/wp\/v2\/media?parent=21"}],"curies":[{"name":"wp","href":"https:\/\/api.w.org\/{rel}","templated":true}]}}